of v?
2, 3
Suppose 5*q - 2535 = -10*q. List the prime factors of q.
13
Let x = 8 - 6. Suppose 80 - 14 = x*u. What are the prime factors of u?
3, 11
Suppose -5*k - 6 = -3*k - 5*s, 0 = k - s. Suppose -k*l + 34 = -l. What are the prime factors of l?
2, 17
Let u = -62 - -218. List the prime factors of u.
2, 3, 13
List the prime factors of ((-48)/(-9))/((-2)/(-12)).
2
Let a(q) be the second derivative of 0 - q**2 + 3*q - 2/3*q**3 - 1/12*q**4. What are the prime factors of a(-2)?
2
Suppose 0*t = 4*t + 4*a - 288, 0 = -2*t - 5*a + 132. Suppose 0 = 2*j + 8, -5*l + l = -4*j - t. List the prime factors of l.
3, 5
Let p = -23 + 43. Suppose -5*f + p = -f. What are the prime factors of f?
5
Let o(x) = -5*x + 11. Let n be o(13). List the prime factors of (-32)/(-12)*n/(-8).
2, 3
Suppose -11*k = 7*k - 7344. List the prime factors of k.
2, 3, 17
Let p = 5 + 0. Suppose 0 = p*l - l. Suppose 5*r = -l*r + 30. What are the prime factors of r?
2, 3
Suppose 5*t - 66 = 3*s, 4*t - 3*s = 15 + 39. Suppose -6*w + 2*w = -88. Let z = w - t. List the prime factors of z.
2, 5
Let i(c) = 11*c + 17. List the prime factors of i(10).
127
Let k = -86 + 127. What are the prime factors of k?
41
Let h(u) = -u - 4. Let w be h(4). Suppose 5*c - 137 = -52. Let i = c + w. What are the prime factors of i?
3
Let l = 28 - 8. Suppose -3*j - 5*a + l = 6, j + 12 = -5*a. List the prime factors of j.
13
List the prime factors of ((-49)/(-35))/(3/15).
7
Let s be (-1)/4 - (-205)/20. Let a be 1/(-2) - s/4. What are the prime factors of a/(-9) + 96/9?
11
Suppose 0*y - y = 3, -3*d - 48 = 4*y. Let u = -5 - d. List the prime factors of u.
7
Suppose r + 7*h + 2 = 4*h, r + 5*h + 6 = 0. Suppose 3*o = r*t + 48, 7 = -o - 4*t + 39. What are the prime factors of o?
2, 5
Let m = -39 - -59. Suppose 8 = -3*p + m, 3*n - 20 = -2*p. List the prime factors of n.
2
Suppose 2*f = 4*x + 286, 0*f = 2*x - 4*f + 146. Let z = -43 - x. List the prime factors of z.
2, 7
Suppose -5*y = -y - 16. Suppose -l - 8 = -5*u, u - l = y*u - 8. What are the prime factors of 1*11 - (0 + u)?
3
Let z = -76 - -48. Let i = 48 + z. List the prime factors of i.
2, 5
Let r(j) = -j**3 + 9*j**2 + 3*j - 6. What are the prime factors of r(7)?
113
Suppose -3*j + 60 = j. Let w = -26 + j. Let u = 19 + w. What are the prime factors of u?
2
Let l(b) = b - 1. Suppose -3*y - 20 = 5*c - 57, 0 = -5*y + 4*c. Let n(k) = k**3 - 3*k**2 - 2*k - 5. Let w be n(y). List the prime factors of l(w).
2
Let m(i) = -5*i + 5. What are the prime factors of m(-6)?
5, 7
Let j = 750 - 518. What are the prime factors of j?
2, 29
Suppose -1 = 4*h - 9. Suppose -2*k + 2 = -h. Suppose k*j - 32 = -3*c, c = -3*c + 3*j + 37. List the prime factors of c.
2, 5
Let s(w) = 4*w**2 + 13*w - 1. What are the prime factors of s(5)?
2, 41
Let r(q) = -21*q - 3. List the prime factors of r(-2).
3, 13
Suppose -3*i = 4*s - 149, -s + 2*i = -3*s + 74. List the prime factors of s.
2, 19
Let j(s) = 8*s - 1. Let a(x) = x**2 + x + 1. Let o be a(-1). Let m be j(o). List the prime factors of 135/m - 6/21.
19
Let s(b) = b**3 - 6*b**2 + 4*b + 7. Let p = 2 - -3. Let y be s(p). Let m = y + 3. What are the prime factors of m?
5
Suppose 4*u - 2 - 6 = 0. Suppose -2*s = -a - u*a - 69, 5*a - 28 = -s. What are the prime factors of s?
3, 11
Suppose -5*j = -j. Let n be -17 + j/(2/1). Let x = 29 + n. List the prime factors of x.
2, 3
List the prime factors of (-1 + 1938/12)*2.
3, 107
Suppose 601 + 204 = 5*d. What are the prime factors of d?
7, 23
Suppose -4*i = -7*i + 159. Suppose -i = -6*c + 127. What are the prime factors of c?
2, 3, 5
Suppose 0 = -6*b + b + 15. Suppose -2*y + 5*c = -90, c + b*c + 16 = 0. What are the prime factors of y?
5, 7
Let w(d) = -14*d**2 + 14*d + 20. Let t(i) = -5*i**2 + 5*i + 7. Let q(x) = -17*t(x) + 6*w(x). Let r = 0 + 3. What are the prime factors of q(r)?
7
What are the prime factors of -3 + (7 - -1) + 62?
67
Let c = -87 - -243. List the prime factors of c.
2, 3, 13
Let g(x) = -x**3 + x**2 + 4. Let k be g(2). Let t be ((-2)/(-4))/((-3)/(-12)). List the prime factors of (-1 + k)/(t/(-20)).
2, 5
Suppose 3*h - 351 = 4*c, -2*h + 4*c = -6*h + 440. What are the prime factors of h?
113
Let y be (1/(-4))/((6/3)/(-24)). Let u(i) = -i**2 + i + 7. Let z be u(0). Suppose -2 + z = r + 5*b, 0 = -y*b - 3. List the prime factors of r.
2, 5
Let v(k) = 3*k + 4. Suppose -4*s - 9 - 7 = 0. Let y be v(s). What are the prime factors of 1/(-4) - 34/y?
2
Let i(a) = -a**3 + 4*a**2 + 7*a - 7. Let s be i(5). What are the prime factors of (9 - s/1)*2?
2, 3
Suppose -5*w + 2*f + 290 = 0, -5*f = -w - 0*f + 58. List the prime factors of w.
2, 29
Let v(l) = l**3 - 2*l**2 + l. Let k be v(2). Suppose -k*u = -2, u = -3*n + 3*u + 115. What are the prime factors of n?
3, 13
Suppose 0 = -7*r + 6*r + 5. Let v be 10/(-25) + 92/r. List the prime factors of (1/2)/(3/v).
3
Let q(a) = 3*a**3 - 2*a**2 + a - 2. Suppose -6*d = -d - 10. What are the prime factors of q(d)?
2
Suppose 5*j = 29 + 76. List the prime factors of j.
3, 7
What are the prime factors of (-3)/((-24)/368) + 4*-1?
2, 3, 7
Let q(w) = 2*w + 19. What are the prime factors of q(8)?
5, 7
Suppose -2*x + d + 33 = -8, -15 = 5*d. What are the prime factors of x?
19
Let o = 13 + -20. Let c = o + 13. List the prime factors of c.
2, 3
Let b(j) = -j**2 + j - 5. Let n be b(0). Let l(p) = p + 4. Let x be l(n). Let u = x - -12. List the prime factors of u.
11
Suppose -16 = -3*d + 2*y - 68, 0 = -3*d - 4*y - 22. Let l = -12 - d. List the prime factors of l.
2
Let q(y) = y**2 - 8*y + 6. Let z(x) = x**3 + 5*x**2 - 8*x - 1. Let p be z(-6). What are the prime factors of q(p)?
3, 13
Let w(d) = -8 + 7*d + d + d**2 + 4*d - 2*d. What are the prime factors of w(-11)?
3
Let f(k) = k**3 + 12*k**2 - 15*k + 8. What are the prime factors of f(-13)?
2, 17
Let t(z) = z**3 + z**2 - 2*z + 4. Let r be t(-3). Let x(s) = -s + 6. Let p be x(6). Let h = p - r. List the prime factors of h.
2
Let y be (34/3)/(4/6). Let j = y + -2. List the prime factors of j.
3, 5
Suppose 0*w = -w + 5. Suppose 0 = -w*x + 15 - 0. List the prime factors of x.
3
Suppose 5*c = 3*b + 33, 3 = -4*b - 1. Suppose c*w - 88 = 2*w. What are the prime factors of w?
2, 11
Suppose 17*l = 20*l - 195. List the prime factors of l.
5, 13
Let o be (-23)/(-2) + 2/4. Suppose -o = -2*p + 2. List the prime factors of (p - 2)*1 + 1.
2, 3
Suppose 0 = 2*l - 4*d - 26, 0 = -4*l + 2*d - 26 + 66. Suppose -m + l = -2. What are the prime factors of m?
11
Suppose 3 + 1 = 2*p. Suppose -p*z = -3*z + 2. List the prime factors of z.
2
Suppose -z + 40 = z. Let c be 94/10 + 2/(-5). Let s = z - c. List the prime factors of s.
11
Let v = 29 + -26. Suppose p - 3*h = 40, 0 = v*p - 0*h + h - 90. List the prime factors of p.
31
List the prime factors of (-6)/(1 - 52/44).
3, 11
Let s(u) = 2*u**2 + 3*u - 3. Let r be s(2). Let t = 17 - r. List the prime factors of t.
2, 3
Let c(a) = a**3 - 7*a**2 - a + 4. What are the prime factors of c(9)?
157
Suppose 0*l = 5*l - 15. Suppose h + l + 3 = 3*b, 5*h + 30 = 4*b. Let f = h - -14. List the prime factors of f.
2
Let y = 21 - -84. What are the prime factors of (4/(-5))/((-2)/y)?
2, 3, 7
Let c(r) = r**2 - 4*r + 5. Let z be c(-6). Let w = -26 + z. What are the prime factors of w?
3, 13
List the prime factors of (-79)/(-6) - 11/66.
13
Let m = -5 - -3. What are the prime factors of m/(-1)*(11 - 7)?
2
Suppose -2*z = -z. Let t(n) = -23*n - 1. Let h be t(-1). Let k = z + h. What are the prime factors of k?
2, 11
Suppose 6*t - 43 = 3*t + 2*m, 3*t + 2*m - 47 = 0. What are the prime factors of t?
3, 5
What are the prime factors of 5/(-20)*564/(-3)?
47
Suppose -4*j = -27 - 5. Suppose -5*p - 9 = 1. Let o = j - p. What are the prime factors of o?
2, 5
Suppose 2*n = -l + 263, -2*l + 3*n - 1062 = -6*l. What are the prime factors of l?
3, 89
Let c = -17 - -40. List the prime factors of c.
23
Suppose -k + 186 = 2*i + 3*i, 3*i = 0. What are the prime factors of k?
2, 3, 31
Let s(z) = z. Let i be (-2)/3 - (-55)/15. Let w be s(i). Suppose 3 = -d + 3*g - g, 0 = -2*d + 3*g - w. List the prime factors of d.
3
Let a be 6/4 + (-424)/(-16). Let n = -16 + a. List the prime factors of n.
2, 3
Suppose 0 = 3*p - 70 - 20. Suppose -4*f = n - 17, 3*f = -0*f + 5*n + p. What are the prime factors of f?
5
Suppose -p = 5*z - 31, -3*z + 2 = 11. Let t = 91 - p. Wha